
-174504651
In base 8, what is -5 + -322613404?
-322613411
In base 9, what is 6241455 + -7?
6241447
In base 15, what is -6232b - 3c?
-62368
In base 14, what is 79c833d - 4?
79c8339
In base 15, what is -74cccc8 - 2?
-74cccca
In base 16, what is 21c + -e7c14?
-e79f8
In base 6, what is -111425113 + -2?
-111425115
In base 3, what is 2221110202 - 22122?
2221011010
In base 8, what is -1454067 - 14?
-1454103
In base 16, what is -e9 - 74e00?
-74ee9
In base 6, what is 55405200 + -11?
55405145
In base 7, what is 542543126 + -21?
542543105
In base 16, what is 67 - -3a82b?
3a892
In base 12, what is b5492 - 1a?
b5474
In base 6, what is -3 + -4002513134?
-4002513141
In base 6, what is -15 - -24131451?
24131432
In base 3, what is 220102022 - 222021?
212110001
In base 8, what is 2222162420 + -4?
2222162414
In base 9, what is -3 - 26370103?
-26370106
In base 5, what is -2424210 - 22131?
-3001341
In base 9, what is -6 + 300277?
300271
In base 9, what is -8630583 - -1?
-8630582
In base 3, what is -212002010220 + 1102212?
-212000201001
In base 10, what is 1136 - 206950?
-205814
In base 3, what is -102201 + 20101211110?
20101101202
In base 7, what is 5010522 + 33?
5010555
In base 10, what is -55 - -475738?
475683
In base 15, what is -35cbb4 + b4?
-35cb00
In base 14, what is 37 + -93644?
-9360b
In base 7, what is 20252453 - 0?
20252453
In base 14, what is 14 - -1053?
1067
In base 8, what is 3 + -37154546?
-37154543
In base 15, what is -3 + -307949?
-30794c
In base 5, what is 24004 - -32244?
111303
In base 8, what is 354 + -112616?
-112242
In base 9, what is 775475 + 5?
775481
In base 15, what is 4 + -32bc308?
-32bc304
In base 12, what is 56bb77 + 14?
56bb8b
In base 4, what is -3020 + 3020203331?
3020200311
In base 7, what is 531024465 + 4?
531024502
In base 8, what is 16267550 + 0?
16267550
In base 5, what is 13420001243131 + -10?
13420001243121
In base 13, what is 5a6 + -2cb55?
-2c57c
In base 9, what is -3 + -153827264?
-153827267
In base 8, what is -24 - -63614234?
63614210
In base 6, what is 350332 + -12?
350320
In base 5, what is 24144 - -1024412?
1104111
In base 13, what is 20 - -1c9cc?
1ca1c
In base 8, what is -161 - 55367?
-55550
In base 16, what is -120e46f0 + 5?
-120e46eb
In base 2, what is -1101001001001 - 1110011111001110?
-10000001000010111
In base 5, what is 120230012 - -32214?
120312231
In base 3, what is 1022202110212011 + 1?
1022202110212012
In base 2, what is -1010001 + 10101101010100011?
10101101001010010
In base 8, what is 216475 - 74?
216401
In base 11, what is 172 + -159721?
-15955a
In base 6, what is 20 + 110121511?
110121531
In base 13, what is 50 + 5242?
5292
In base 14, what is -1993b8b - -4?
-1993b87
In base 5, what is -1412310430 + -2?
-1412310432
In base 11, what is 2611 + 6941?
9452
In base 8, what is 102 + -40610?
-40506
In base 9, what is 6315182 + 38?
6315231
In base 12, what is -4804171 + 43?
-480412a
In base 4, what is -1020 - -1130333230?
1130332210
In base 7, what is -5 + 35644221?
35644213
In base 13, what is 2 + -10a28b?
-10a289
In base 4, what is -3100 + -23103032?
-23112132
In base 16, what is -86528 - -b?
-8651d
In base 4, what is 113202100001 + 1?
113202100002
In base 4, what is 12100100223 - -1?
12100100230
In base 12, what is -683634a - -18?
-6836332
In base 11, what is -1 - 35778357?
-35778358
In base 4, what is 13103300123 + 103?
13103300232
In base 2, what is -1001000 - 111010001110110001111?
-111010001110111010111
In base 16, what is -5 - 1390883?
-1390888
In base 5, what is -1 - 213104323?
-213104324
In base 3, what is -100021100101021 + -10222?
-100021100112020
In base 12, what is -4616 + 1241?
-3395
In base 5, what is 10340 - -1411130?
1422020
In base 4, what is 3210 - 2333203213?
-2333200003
In base 7, what is 55353066101 - -4?
55353066105
In base 6, what is 213052 + -11355?
201253
In base 5, what is 103 - -22110034?
22110142
In base 14, what is -98 - 4d191?
-4d249
In base 10, what is 929 + 531604?
532533
In base 5, what is 30042 - 3331?
21211
In base 4, what is 131300211 - -23?
131300300
In base 12, what is 5 + 167ba391?
167ba396
In base 14, what is 347 + -102d8d?
-102a46
In base 4, what is -10300003120 + -331?
-10300010111
In base 13, what is 1390 - -16b21?
181b1
In base 16, what is -7 - -afa816?
afa80f
In base 8, what is 1000 - 142317?
-141317
In base 10, what is -8399351 - -45?
-8399306
In base 4, what is -3 - -200210233212?
200210233203
In base 7, what is -236455150 - 2?
-236455152
In base 7, what is -23465102 - 2?
-23465104
In base 3, what is -2121010010 - 1012?
-2121011022
In base 6, what is 134240420 + -5?
134240411
In base 2, what is 1000010110 + -100001100000010110?
-100001011000000000
In base 14, what is 6391 - -8216?
105a7
In base 10, what is 5 + 22946106?
22946111
In base 3, what is 201 + -12021111200101?
-12021111122200
In base 14, what is 10175171 + -6?
10175169
In base 16, what is -1 - 7f5bb5?
-7f5bb6
In base 2, what is -11101101 + 1101000110001110111010?
1101000110001011001101
In base 5, what is 144000 + -1313143?
-1114143
In base 3, what is 120202 - -1020021002?
1020211211
In base 2, what is 110100010 + 110101100010100110001?
110101100011011010011
In base 2, what is 101000111110010110 - -1000000?
101000111111010110
In base 4, what is 3033101221 + 1?
3033101222
In base 2, what is 1100 + -1110011111111010111?
-1110011111111001011
In base 2, what is -1000011000011100 - 1010000111010?
-1001101001010110
In base 7, what is -4 - -130636534?
130636530
In base 15, what is -353a7c - -c5?
-3539a7
In base 9, what is -61420 - -437?
-60872
In base 16, what is -93a326 - a?
-93a330
In base 5, what is 133232 + -1432?
131300
In base 4, what is -2 + 23133220030023?
23133220030021
In base 7, what is 1022510 - 4050?
1015430
In base 5, what is -11431412 - 1320?
-11433232
In base 2, what is -100001111100100 - -1101011000010?
-10100100100010
In base 10, what is -1629 - 735?
-2364
In base 15, what is 43 + -186132?
-1860de
In base 6, what is 4452332 - 100?
4452232
In base 13, what is -2 + 1070336?
1070334
In base 14, what is -4 + 100b84?
100b80
In base 9, what is -35 + -10020281?
-10020326
In base 5, what is 3413 - -42430341?
42434304
In base 8, what is 42031 + 216?
42247
In base 2, what is -110011011110111101000001 + -101?
-110011011110111101000110
In base 14, what is c3267 - -144?
c33ab
In base 4, what is -11120 + 112100?
100320
In base 10, what is 58603659 - -2?
58603661
In base 10, what is 45 + -666333?
-666288
In base 11, what is 605 + -181669?
-181064
In base 6, what is -24425 + 1451?
-22534
In base 3, what is -1002022012220 - 111?
-1002022020101
In base 6, what is -1051551 - -13525?
-1034022
In base 2, what is -1001110001 - 11010100001?
-100100010010
In base 4, what is 32303 + -112023323?
-111331020
In base 13, what is 9b1996 - 7?
9b198c
In base 2, what is 1000100000011111001110101101 + -101?
1000100000011111001110101000
In base 12, what is -72800 + -688?
-73288
In base 13, what is 147ab + -4b3?
142c8
In base 2, what is 10 + 1010100100100100111011101010?
1010100100100100111011101100
In base 11, what is -29178318 + -4?
-29178321
In base 7, what is 5535010 - -1?
5535011
In base 2, what is 1001000010 + 1111011001010100?
1111100010010110
In base 14, what is cdd - -2d33?
3c32
In base 9, what is -38 + 867050?
867011
In base 9, what is -1170708 - 1681?
-1172500
In base 10, what is 26253602 - 5?
26253597
In base 3, what is 201 - 1002002002?
-1002001101
In base 2, what is 100000010100010 - 1101110110000010?
-1001110011100000
In base 15, what is a - 703c8e?
-703c84
In base 12, what is 23926 + -51a?
23408
In base 15, what is 2 - -d05b9d?
d05ba0
In base 6, what is 102240 - 130?
102110
In base 13, what is -b5b139 - 0?
-b5b139
In base 16, what is -3 + -63d6b5?
-63d6b8
In base 5, what is -232321424 + -3?
-232321432
In base 2, what is -100010 - -10110001011101010001000111?
10110001011101010000100101
In base 5, what is 3043 - 11221043?
-11213000
In base 4, what is 1212201232 + -2012?
1212133220
In base 2, what is 1011110010100000111011 + -1100?
1011110010100000101111
In base 10, what is 2528360 - 13?
2528347
In base 8, what is 17646 + 1712?
21560
In base 10, what is 58 + 1624513?
1624571
In base 9, what is 7118 + 3127?
11246
In base 2, what is -1110001101110111 + -11001111?
-1110010001000110
In base 5, what is -320343 + -44?
-